{"id":2850,"date":"2025-11-25T17:34:12","date_gmt":"2025-11-25T17:34:12","guid":{"rendered":"https:\/\/sac.philco.com.br\/marketing\/pagina\/?page_id=2850"},"modified":"2026-03-19T14:45:54","modified_gmt":"2026-03-19T14:45:54","slug":"aplicativo-philco-audio","status":"publish","type":"page","link":"https:\/\/sac.philco.com.br\/marketing\/pagina\/aplicativo-philco-audio\/","title":{"rendered":"Aplicativo Philco \u00c1udio"},"content":{"rendered":"\t\t<div data-elementor-type=\"wp-page\" data-elementor-id=\"2850\" class=\"elementor elementor-2850\" data-elementor-post-type=\"page\">\n\t\t\t\t<div class=\"elementor-element elementor-element-13f25a3 e-flex e-con-boxed e-con e-parent\" data-id=\"13f25a3\" data-element_type=\"container\" data-e-type=\"container\" data-settings=\"{&quot;background_background&quot;:&quot;classic&quot;}\">\n\t\t\t\t\t<div class=\"e-con-inner\">\n\t\t\t\t<div class=\"elementor-element elementor-element-967729e elementor-widget elementor-widget-image\" data-id=\"967729e\" data-element_type=\"widget\" data-e-type=\"widget\" data-widget_type=\"image.default\">\n\t\t\t\t<div class=\"elementor-widget-container\">\n\t\t\t\t\t\t\t\t\t\t\t\t\t\t\t<img fetchpriority=\"high\" decoding=\"async\" width=\"800\" height=\"404\" src=\"https:\/\/sac.philco.com.br\/marketing\/pagina\/wp-content\/uploads\/2025\/11\/logo-philco-extreme-branca.png\" class=\"attachment-large size-large wp-image-2861\" alt=\"\" srcset=\"https:\/\/sac.philco.com.br\/marketing\/pagina\/wp-content\/uploads\/2025\/11\/logo-philco-extreme-branca.png 912w, https:\/\/sac.philco.com.br\/marketing\/pagina\/wp-content\/uploads\/2025\/11\/logo-philco-extreme-branca-300x151.png 300w, https:\/\/sac.philco.com.br\/marketing\/pagina\/wp-content\/uploads\/2025\/11\/logo-philco-extreme-branca-768x387.png 768w\" sizes=\"(max-width: 800px) 100vw, 800px\" \/>\t\t\t\t\t\t\t\t\t\t\t\t\t\t\t<\/div>\n\t\t\t\t<\/div>\n\t\t\t\t<div class=\"elementor-element elementor-element-cfbbf8b elementor-widget elementor-widget-heading\" data-id=\"cfbbf8b\" data-element_type=\"widget\" data-e-type=\"widget\" data-widget_type=\"heading.default\">\n\t\t\t\t<div class=\"elementor-widget-container\">\n\t\t\t\t\t<h2 class=\"elementor-heading-title elementor-size-default\">Acesse a loja de aplicativos do seu dispositivo m\u00f3vel e baixe o <b>Aplicativo Philco Extreme \u00c1udio<\/b><\/h2>\t\t\t\t<\/div>\n\t\t\t\t<\/div>\n\t\t\t\t<div class=\"elementor-element elementor-element-daa9b23 elementor-widget elementor-widget-image\" data-id=\"daa9b23\" data-element_type=\"widget\" data-e-type=\"widget\" data-widget_type=\"image.default\">\n\t\t\t\t<div class=\"elementor-widget-container\">\n\t\t\t\t\t\t\t\t\t\t\t\t\t\t\t\t<a href=\"https:\/\/play.google.com\/store\/apps\/details?id=com.philco.audio.android&#038;hl=pt_BR\">\n\t\t\t\t\t\t\t<img decoding=\"async\" width=\"413\" height=\"122\" src=\"https:\/\/sac.philco.com.br\/marketing\/pagina\/wp-content\/uploads\/2025\/11\/google-play.png\" class=\"attachment-large size-large wp-image-2854\" alt=\"\" srcset=\"https:\/\/sac.philco.com.br\/marketing\/pagina\/wp-content\/uploads\/2025\/11\/google-play.png 413w, https:\/\/sac.philco.com.br\/marketing\/pagina\/wp-content\/uploads\/2025\/11\/google-play-300x89.png 300w\" sizes=\"(max-width: 413px) 100vw, 413px\" \/>\t\t\t\t\t\t\t\t<\/a>\n\t\t\t\t\t\t\t\t\t\t\t\t\t\t\t<\/div>\n\t\t\t\t<\/div>\n\t\t\t\t<div class=\"elementor-element elementor-element-7c410ab elementor-widget elementor-widget-image\" data-id=\"7c410ab\" data-element_type=\"widget\" data-e-type=\"widget\" data-widget_type=\"image.default\">\n\t\t\t\t<div class=\"elementor-widget-container\">\n\t\t\t\t\t\t\t\t\t\t\t\t\t\t\t\t<a href=\"https:\/\/apps.apple.com\/br\/app\/philco-audio\/id6744084919\">\n\t\t\t\t\t\t\t<img decoding=\"async\" width=\"413\" height=\"122\" src=\"https:\/\/sac.philco.com.br\/marketing\/pagina\/wp-content\/uploads\/2025\/11\/app-store.png\" class=\"attachment-large size-large wp-image-2853\" alt=\"\" srcset=\"https:\/\/sac.philco.com.br\/marketing\/pagina\/wp-content\/uploads\/2025\/11\/app-store.png 413w, https:\/\/sac.philco.com.br\/marketing\/pagina\/wp-content\/uploads\/2025\/11\/app-store-300x89.png 300w\" sizes=\"(max-width: 413px) 100vw, 413px\" \/>\t\t\t\t\t\t\t\t<\/a>\n\t\t\t\t\t\t\t\t\t\t\t\t\t\t\t<\/div>\n\t\t\t\t<\/div>\n\t\t\t\t<div class=\"elementor-element elementor-element-a5c9bf1 elementor-widget elementor-widget-text-editor\" data-id=\"a5c9bf1\" data-element_type=\"widget\" data-e-type=\"widget\" data-widget_type=\"text-editor.default\">\n\t\t\t\t<div class=\"elementor-widget-container\">\n\t\t\t\t\t\t\t\t\t<p>Google Play e o logotipo s\u00e3o marcas registradas da Google LLC. App Store \u00e9 uma marca registrada da Apple Inc., registrado nos EUA e em outros pa\u00edses.<\/p>\t\t\t\t\t\t\t\t<\/div>\n\t\t\t\t<\/div>\n\t\t\t\t\t<\/div>\n\t\t\t\t<\/div>\n\t\t\t\t<\/div>\n\t\t","protected":false},"excerpt":{"rendered":"<p>Acesse a loja de aplicativos do seu dispositivo m\u00f3vel e baixe o Aplicativo Philco Extreme \u00c1udio Google Play e o logotipo s\u00e3o marcas registradas da Google LLC. App Store \u00e9 uma marca registrada da Apple Inc., registrado nos EUA e em outros pa\u00edses.<\/p>\n","protected":false},"author":2,"featured_media":2857,"parent":0,"menu_order":0,"comment_status":"closed","ping_status":"closed","template":"elementor_canvas","meta":{"footnotes":""},"class_list":["post-2850","page","type-page","status-publish","has-post-thumbnail","hentry"],"_links":{"self":[{"href":"https:\/\/sac.philco.com.br\/marketing\/pagina\/wp-json\/wp\/v2\/pages\/2850","targetHints":{"allow":["GET"]}}],"collection":[{"href":"https:\/\/sac.philco.com.br\/marketing\/pagina\/wp-json\/wp\/v2\/pages"}],"about":[{"href":"https:\/\/sac.philco.com.br\/marketing\/pagina\/wp-json\/wp\/v2\/types\/page"}],"author":[{"embeddable":true,"href":"https:\/\/sac.philco.com.br\/marketing\/pagina\/wp-json\/wp\/v2\/users\/2"}],"replies":[{"embeddable":true,"href":"https:\/\/sac.philco.com.br\/marketing\/pagina\/wp-json\/wp\/v2\/comments?post=2850"}],"version-history":[{"count":10,"href":"https:\/\/sac.philco.com.br\/marketing\/pagina\/wp-json\/wp\/v2\/pages\/2850\/revisions"}],"predecessor-version":[{"id":3773,"href":"https:\/\/sac.philco.com.br\/marketing\/pagina\/wp-json\/wp\/v2\/pages\/2850\/revisions\/3773"}],"wp:featuredmedia":[{"embeddable":true,"href":"https:\/\/sac.philco.com.br\/marketing\/pagina\/wp-json\/wp\/v2\/media\/2857"}],"wp:attachment":[{"href":"https:\/\/sac.philco.com.br\/marketing\/pagina\/wp-json\/wp\/v2\/media?parent=2850"}],"curies":[{"name":"wp","href":"https:\/\/api.w.org\/{rel}","templated":true}]}}